 98645.
73
What is the remainder when 16285598 is divided by 93?
89
Calculate the remainder when 8962962 is divided by 62.
56
Calculate the remainder when 457308 is divided by 50796.
144
What is the remainder when 11381289 is divided by 3793749?
42
Calculate the remainder when 156166 is divided by 22208.
710
Calculate the remainder when 729319 is divided by 3757.
461
What is the remainder when 76400 is divided by 3284?
868
What is the remainder when 4094138 is divided by 225?
38
What is the remainder when 550553 is divided by 372?
365
What is the remainder when 762445 is divided by 103?
39
Calculate the remainder when 19056 is divided by 19030.
26
What is the remainder when 9123138 is divided by 9123132?
6
Calculate the remainder when 51429197 is divided by 380.
377
What is the remainder when 22819641 is divided by 304?
185
What is the remainder when 401375532 is divided by 14?
12
What is the remainder when 89794 is divided by 465?
49
What is the remainder when 813632 is divided by 67790?
152
What is the remainder when 2320922 is divided by 111?
23
What is the remainder when 391000 is divided by 15?
10
What is the remainder when 26110367 is divided by 2901147?
44
What is the remainder when 2140972 is divided by 535238?
20
What is the remainder when 344007 is divided by 4479?
3603
What is the remainder when 27716 is divided by 2351?
1855
What is the remainder when 215072 is divided by 25281?
12824
Calculate the remainder when 15633 is divided by 2677.
2248
What is the remainder when 13420369 is divided by 1265?
1249
What is the remainder when 102396 is divided by 50637?
1122
What is the remainder when 156723 is divided by 1070?
503
What is the remainder when 606696 is divided by 3990?
216
Calculate the remainder when 243890 is divided by 506.
504
Calculate the remainder when 221234616 is divided by 580.
576
Calculate the remainder when 11560905 is divided by 680052.
21
Calculate the remainder when 28635 is divided by 9.
6
Calculate the remainder when 1254370 is divided by 418123.
1
Calculate the remainder when 34875289 is divided by 375003.
10
What is the remainder when 502173 is divided by 16129?
2174
Calculate the remainder when 2480752 is divided by 191.
44
Calculate the remainder when 50005 is divided by 449.
166
Calculate the remainder when 1545145 is divided by 1506.
1495
What is the remainder when 19443 is divided by 5443?
3114
What is the remainder when 21107401 is divided by 289?
286
What is the remainder when 16699408 is divided by 5515?
5503
Calculate the remainder when 44859 is divided by 8743.
1144
What is the remainder when 4759808 is divided by 149?
3
What is the remainder when 102011 is divided by 261?
221
What is the remainder when 36271465 is divided by 10876?
5
What is the remainder when 16730396 is divided by 120?
116
Calculate the remainder when 1095954047 is divided by 7.
6
What is the remainder when 66127072 is divided by 1621?
1619
What is the remainder when 509724 is divided by 72725?
649
Calculate the remainder when 162585 is divided by 23059.
1172
Calculate the remainder when 422247 is divided by 2741.
133
What is the remainder when 34504 is divided by 17189?
126
Calculate the remainder when 1347337 is divided by 132.
13
Calculate the remainder when 7705392 is divided by 200.
192
What is the remainder when 21550 is divided by 3583?
52
What is the remainder when 11079757 is divided by 38?
21
Calculate the remainder when 34457 is divided by 131.
4
Calculate the remainder when 1093834 is divided by 13846.
0
What is the remainder when 46401974 is divided by 86089?
3
What is the remainder when 398080319 is divided by 745?
744
What is the remainder when 20751628 is divided by 1810?
1788
Calculate the remainder when 150490 is divided by 1105.
210
Calculate the remainder when 191805 is divided by 95813.
179
What is the remainder when 1586298 is divided by 528588?
534
Calculate the remainder when 19097764 is divided by 397870.
4
Calculate the remainder when 230977 is divided by 498.
403
What is the remainder when 67177866 is divided by 2?
0
What is the remainder when 212704 is divided by 2128?
2032
What is the remainder when 504362975 is divided by 1312?
1311
What is the remainder when 859048 is divided by 71587?
4
Calculate the remainder when 770490 is divided by 256826.
12
What is the remainder when 239260 is divided by 59749?
264
What is the remainder when 191966 is divided by 294?
278
What is the remainder when 6533505 is divided by 249?
243
Calculate the remainder when 160413 is divided by 22888.
197
What is the remainder when 1167971 is divided by 166852?
7
Calculate the remainder when 17369750 is divided by 868485.
50
What is the remainder when 17654 is divided by 2537?
2432
Calculate the remainder when 1525650 is divided by 1100.
1050
What is the remainder when 26590094 is divided by 15?
14
Calculate the remainder when 6185820 is divided by 21.
18
What is the remainder when 208047 is divided by 56?
7
What is the remainder when 6369616 is divided by 6369598?
18
What is the remainder when 16772 is divided by 643?
54
Calculate the remainder when 9555836 is divided by 302.
254
What is the remainder when 344539 is divided by 450?
289
Calculate the remainder when 300053 is divided by 10345.
48
Calculate the remainder when 672959 is divided by 3130.
9
What is the remainder when 45944292 is divided by 3131?
3129
Calculate the remainder when 2499 is divided by 731.
306
Calculate the remainder when 82547 is divided by 21.
17
Calculate the remainder when 3714408 is divided by 742879.
13
Calculate the remainder when 16460295 is divided by 33.
27
What is the remainder when 4019913 is divided by 44?
29
Calculate the remainder when 87116 is divided by 43363.
390
Calculate the remainder when 446451279 is divided by 2713.
2712
Calculate the remainder when 10727440 is divided by 21117.
4
Calculate the remainder when 366378 is divided by 5160.
18
Calculate the remainder when 20851988 is divided by 93089.
52
Calculate the remainder when 80455 is divided by 130.
115
Calculate the remainder when 6838396 is divided by 4496.
4476
What is the remainder when 86864836 is divided by 13843?
11
Calculate the remainder when 15630 is divided by 2826.
1500
Calculate the remainder when 1012514 is divided by 8.
2
What is the remainder when 162321732 is divided by 2623?
0
Calculate the remainder when 1566763 is divided by 522246.
25
What is the remainder when 2309744 is divided by 17767?
34
What is the remainder when 4324440 is divided by 1787?
1687
Calculate the remainder when 20059044 is divided by 136.
132
What is the remainder when 253937 is divided by 12693?
77
What is the remainder when 65268093 is divided by 146?
107
Calculate the remainder when 1141123 is divided by 301.
32
What is the remainder when 590312 is divided by 13?
8
Calculate the remainder when 1383313 is divided by 21614.
17
Calculate the remainder when 4040723 is divided by 57.
50
What is the remainder when 4941414 is divided by 1373?
1360
Calculate the remainder when 1361466 is divided by 434.
8
Calculate the remainder when 8766634 is divided by 221.
6
What is the remainder when 4803 is divided by 1085?
463
Calculate the remainder when 70979857 is divided by 731751.
10
Calculate the remainder when 2581250 is divided by 17094.
56
Calculate the remainder when 40479 is divided by 861.
12
Calculate the remainder when 405129 is divided by 127.
126
What is the remainder when 40695 is divided by 7937?
1010
What is the remainder when 136810 is divided by 68368?
74
What is the remainder when 87582 is divided by 4581?
543
Calculate the remainder when 1896218 is divided by 135444.
2
What is the remainder when 582176 is divided by 2599?
0
Calculate the remainder when 9530 is divided by 294.
122
What is the remainder when 9244233 is divided by 11?
9
Calculate the remainder when 231064 is divided by 2925.
2914
Calculate the remainder when 694339 is divided by 24793.
135
What is the remainder when 15817 is divided by 618?
367
What is the remainder when 1824935 is divided by 14?
7
What is the remainder when 427827 is divided by 382?
369
Calculate the remainder when 387138 is divided by 1361.
614
What is the remainder when 350887 is divided by 2372?
2203
What is the remainder when 8695322 is di